 -326. Let z = -196 - u. List the prime factors of z.
2, 3
Let t(k) = 24 - 6*k**2 - 5*k - 25*k + 3*k + 5*k**2. What are the prime factors of t(-24)?
2, 3
Let c(f) = f**2 - 5*f - 9. Let t be c(8). Let s = t - 0. What are the prime factors of s*(12/4 - 2)?
3, 5
List the prime factors of 18*((-20)/(-3) + 7).
2, 3, 41
Let s(y) = 2*y**3 - 2*y**2 + 27*y + 2. What are the prime factors of s(5)?
337
List the prime factors of ((-12)/(-10))/(48/1120).
2, 7
Let n(q) be the second derivative of q**5/20 - 11*q**4/12 + q**3/6 - 9*q**2/2 - 2*q. Let z be n(11). What are the prime factors of (140/49)/(z/7)?
2, 5
Let s = 2 - 0. Suppose 5*o = -3*x + 25, -2*o + 5*x - s*x + 10 = 0. List the prime factors of o.
5
Let x = -44 + 29. Let n(y) = -5*y - 9. What are the prime factors of n(x)?
2, 3, 11
Let o(v) = v**2 - 10*v + 1. Let z be o(10). What are the prime factors of (-80)/12*(70/(-4) + z)?
2, 5, 11
Suppose 484 = y + 2*t, -4*t = -y + 9 + 481. What are the prime factors of y?
2, 3
Let d(x) = x**3 + 5*x**2 + 4*x + 12. Let r be d(-5). List the prime factors of (-80)/(-32)*r/(-5).
2
Let k be (-2)/5 - 42/(-30). Let m be 0*k/(-3) - 2. List the prime factors of 224/(-24)*3/m.
2, 7
Suppose -2*x + 342 + 1584 = 0. What are the prime factors of x?
3, 107
Let r be 10/(-65) + (-50)/13. What are the prime factors of 70 - (-2 - -6)/r?
71
Let b be (0/2)/(-1) - -6. Let v = 11 - b. Suppose 0 = -v*n - 47 + 122. List the prime factors of n.
3, 5
Let w = 1072 + -851. What are the prime factors of w?
13, 17
Let l = -133 + 301. List the prime factors of (l/(-18))/(1 + (-44)/42).
2, 7
Suppose 4 = 3*g + 19. Let a = g - -6. List the prime factors of 23/(2 - a)*1.
23
Let q(m) be the first derivative of m**4/4 - 2*m**3/3 - m**2/2 - 1. Let a be (2 - (-3)/12)/(12/16). What are the prime factors of q(a)?
2, 3
Suppose -5*f + w - 14 = -w, 5*f = -5*w - 35. List the prime factors of 9/(f + 87/21).
3, 7
Let p = 8 + 2. Suppose 0 = -2*o - p, -b + o = 2*o - 12. What are the prime factors of b?
17
Suppose 4*w + 8 = j - 0*w, 4*j = 2*w + 18. Suppose 3 = k - 1, i + j*k - 82 = 0. What are the prime factors of i?
2, 3, 11
Let o(a) = a**3 + 3*a**2 - 4*a - 6. Let g be o(-4). Let l be (64/(-12))/(g/9). Let c(k) = k + 12. What are the prime factors of c(l)?
2, 5
Let y(o) = -o**3 + 7*o**2 - 4*o - 6. Let c be y(6). Suppose -s - 40 = -c*s. Suppose -6*p = -s*p + 80. List the prime factors of p.
2, 5
Let b(q) = -13*q + 2 + 10*q - 4 + 26*q**3. Let t be b(2). Suppose -5*d + t = x - 2*x, 103 = 3*d - 4*x. What are the prime factors of d?
41
Let g(h) = -145*h**2 - h. Let j be g(-1). Suppose 0 = -d - 3, -d - 113 = f + 3*d. Let p = f - j. List the prime factors of p.
43
Suppose 3*o - 8 = -5*o. Suppose -4 = -3*p + 14. Suppose -o = v - p. What are the prime factors of v?
5
Let f = 105 + -99. Suppose -10 = -f*d + 296. What are the prime factors of d?
3, 17
What are the prime factors of (30/(-45))/((-2)/156)?
2, 13
List the prime factors of (-6)/8 - 0 - 371469/(-1372).
2, 3, 5
List the prime factors of 246 - 0 - -2*(-30)/20.
3
Let u = -3 - 2. Let p = -17 + u. What are the prime factors of (-160)/(-9) + p/(-99)?
2, 3
Let p(o) = o**2 + 10*o + 6. Let l be p(-10). Let h be 1/(-2) + l/12. List the prime factors of h/(2 - 1) - -37.
37
Suppose 2*n = 6*n. Suppose n = -4*v + 5*v + 8. Let u(d) = -d**3 - 7*d**2 + 6*d + 11. List the prime factors of u(v).
3
Suppose -b - 3*r - 43 = -5*b, -3*b + 5*r + 46 = 0. Let p(w) = 12*w - 3. What are the prime factors of p(b)?
3
Suppose 0 = 34*k - 61*k + 64260. What are the prime factors of k?
2, 5, 7, 17
Let f = 52 - 47. List the prime factors of 25/f + -4 - -54.
5, 11
Let w = -10103 + 14604. List the prime factors of w.
7, 643
Suppose -2056 = 4*p - 0*d - 2*d, 2540 = -5*p - 5*d. Let f = -286 - p. List the prime factors of f.
2, 113
Let o = 15 - 2. Let z = 2 + o. Let t = 27 - z. List the prime factors of t.
2, 3
Suppose 0 = 2*p - 4*n - 36 + 10, -5*p + 5*n = -50. Let g = 117 + -113. Suppose 0 = -z + 4*o + p, -5*z - o = -g*o - 52. List the prime factors of z.
11
Suppose -16*v + 44190 = 14*v. List the prime factors of v.
3, 491
Let d be 2864/40 + 3/(-5). Suppose 2*u - u = 4*g + 75, -d = -u + 2*g. List the prime factors of u.
67
Suppose 436 = s - 404. List the prime factors of s.
2, 3, 5, 7
Let n(q) = 4*q**2 + 5*q + 11. Let z(v) = v**2 + 4*v - 4. Let k be z(-4). What are the prime factors of n(k)?
5, 11
Suppose 0 = t - 2 - 3. Let h be (-75)/10*(-4)/t. Suppose -h*o + 5*o = -28. List the prime factors of o.
2, 7
Let d(s) = 14*s**2 - 86*s - 34. List the prime factors of d(-8).
2, 5, 31
Let o(a) = -72*a - 40. What are the prime factors of o(-2)?
2, 13
Let u be 1/(4 - (-22)/(-6)). Suppose -4*i = -s + 52, u*s + 2*i - 142 = -0*s. List the prime factors of s.
2, 3
Let l(y) = -y**3 - 5*y**2 + 2*y + 12. Let q be l(-5). List the prime factors of q/((24/292)/3).
73
Let o be (3 - (-135)/(-40))*-8. Suppose -39 = -o*s + 5*n, -s - 5*n = -19 - 14. List the prime factors of s.
2, 3
Let t(n) = n**2 - 27*n + 182. List the prime factors of t(-19).
2, 3, 11
What are the prime factors of (-1 - (-117)/108) + 20302/24?
2, 3, 47
Let i be 0/((-20)/(-15)*-3). Suppose i*u = -2*u + 6, 4*c + 4*u - 120 = 0. What are the prime factors of c?
3
Suppose -5*c - 5*c + 6230 = 0. What are the prime factors of c?
7, 89
Let o = 20 + -14. Let b(h) = h**3 - 7*h**2 + 8*h - 8. Let w be b(o). Suppose w*y - 79 - 49 = 0. List the prime factors of y.
2
Let p(a) = -2*a - 11. Let q be p(-8). Let n(s) = s**3 - 3*s**2 - 3*s - 7. List the prime factors of n(q).
2, 7
Let f = -12 - -15. Suppose 3*l = -3*k - 103 - 80, -f*k - 186 = 2*l. Let s = -39 - k. What are the prime factors of s?
5
Suppose 135 - 123 = 4*w, 3576 = 3*y - w. List the prime factors of y.
1193
Let z be 2/(-5) + 162/30. Suppose -2*l + l - 31 = -p, z*p + 49 = -l. Let v = -20 - l. What are the prime factors of v?
2, 7
Suppose -53*l = -29*l - 61704. List the prime factors of l.
3, 857
Suppose 4*z - 8 - 15 = 5*u, 0 = u + 3. Let g = 0 + 20. Suppose 0*v - g = -4*v, z*t = -2*v + 28. What are the prime factors of t?
3
Let g(b) = -22*b + 3. Let a(p) = 23*p - 4. Let l(r) = 2*a(r) + 3*g(r). List the prime factors of l(-6).
11
Let o(a) = a**3 + 17*a**2 + 18*a + 29. Let f be o(-16). List the prime factors of 191/(5 - (7 + f)).
191
Let s = 12 - 11. Let h(y) = 5*y**3 - y**2. Let w be h(s). Let x = w - -4. What are the prime factors of x?
2
Suppose -4*w - 6*i + 14 = -4*i, -5*w - i = -16. Let g be (-120)/(12/w) + 2. Let q = g + 42. What are the prime factors of q?
2, 7
Suppose -23*v - 3100 = -25*v. List the prime factors of v.
2, 5, 31
Let f = 145 + -136. Suppose -12*p + f*p + 621 = 0. What are the prime factors of p?
3, 23
Let o be 10/40 - 19/(-4). Suppose -3 = 4*q - 111. Suppose a - 5*g - q = -0, 87 = o*a - g. List the prime factors of a.
17
Suppose 3*l + a + 111 = 26, -5*l - 137 = -3*a. Let r = l - -46. What are the prime factors of r?
2, 3
Suppose -3*h = -2*z - 2744, 6*h = 8*h + 3*z - 1851. What are the prime factors of h?
2, 3, 17
Let k be (225/(-100))/((-6)/2080). Suppose -9*d = d - k. What are the prime factors of d?
2, 3, 13
Let g(k) be the first derivative of k**3/3 - 4*k**2 + 7*k + 2. Let p be g(6). Let x = p + 12. List the prime factors of x.
7
Let g(a) = -12*a + 19*a + a**2 - 7*a + a**3. Let y be g(-1). Suppose -3*f - 3*c + 36 = y, -3*f - 2*f = c - 44. What are the prime factors of f?
2
Let q(c) = c**3 + c**2 - 3. Let g be 125/35 + (-8)/14. Suppose g = -y - 0*o + 2*o, -5*y + 27 = 4*o. List the prime factors of q(y).
3, 11
Suppose -4*r - 3*s + 13 = -0*s, -4*r = -2*s + 2. Let v be r/(-3 + (-577)/(-192)). Suppose 4*b + 8 = v. List the prime factors of b.
2, 23
Let z = -49 + 40. Suppose d - 32 = -3*s, -160 = -4*d - d + 3*s. Let y = d + z. List the prime factors of y.
23
Suppose 0 = k - 0*w - 3*w + 4, -3*k + 12 = 3*w. Let g be (-6 - (k - 3))/(-1). Suppose u - g = 5*n, -106 = -5*u - n - n. What are the prime factors of u?
2, 5
What are the prime factors of (-269123)/(-69) + (26/(-6) - -4)?
2, 3, 5, 13
Suppose 0 = -2*n - 198 + 64. Let d = 243 + -144. Let r = d + n. List the prime factors of r.
2
Let l(p) = -5*p - 10. Suppose 2*n = -31 + 21. What are the prime factors of l(n)?
3, 5
Suppose -2*f + 3*f = 2. Let z(v) = 2*v**2 + 2. Let l be z(2). Let j = l - f. What are the prime factors of j?
2
Suppose -2*u +